[INFO] cloning repository https://github.com/brandon515/Rougelike
[INFO] running `Command { std: "git" "-c" "credential.helper=" "-c" "credential.helper=/workspace/cargo-home/bin/git-credential-null" "clone" "--bare" "https://github.com/brandon515/Rougelike" "/workspace/cache/git-repos/https%3A%2F%2Fgithub.com%2Fbrandon515%2FRougelike", kill_on_drop: false }`
[INFO] [stderr] Cloning into bare repository '/workspace/cache/git-repos/https%3A%2F%2Fgithub.com%2Fbrandon515%2FRougelike'...
[INFO] running `Command { std: "git" "rev-parse" "HEAD", kill_on_drop: false }`
[INFO] [stdout] b76e24cdbf14d0f1d06aafec9abab092c2b27e5f
[INFO] checking brandon515/Rougelike against master#af3c6e733a40e671550e0f0f5aeecaa13772ba56 for pr-74989
[INFO] running `Command { std: "git" "clone" "/workspace/cache/git-repos/https%3A%2F%2Fgithub.com%2Fbrandon515%2FRougelike" "/workspace/builds/worker-13/source", kill_on_drop: false }`
[INFO] [stderr] Cloning into '/workspace/builds/worker-13/source'...
[INFO] [stderr] done.
[INFO] validating manifest of git repo https://github.com/brandon515/Rougelike on toolchain af3c6e733a40e671550e0f0f5aeecaa13772ba56
[INFO] running `Command { std: "/workspace/cargo-home/bin/cargo" "+af3c6e733a40e671550e0f0f5aeecaa13772ba56" "read-manifest" "--manifest-path" "Cargo.toml", kill_on_drop: false }`
[INFO] started tweaking git repo https://github.com/brandon515/Rougelike
[INFO] finished tweaking git repo https://github.com/brandon515/Rougelike
[INFO] tweaked toml for git repo https://github.com/brandon515/Rougelike written to /workspace/builds/worker-13/source/Cargo.toml
[INFO] crate git repo https://github.com/brandon515/Rougelike already has a lockfile, it will not be regenerated
[INFO] running `Command { std: "/workspace/cargo-home/bin/cargo" "+af3c6e733a40e671550e0f0f5aeecaa13772ba56" "fetch" "--locked" "--manifest-path" "Cargo.toml", kill_on_drop: false }`
[INFO] [stderr] warning: An explicit [[bin]] section is specified in Cargo.toml which currently
[INFO] [stderr] disables Cargo from automatically inferring other binary targets.
[INFO] [stderr] This inference behavior will change in the Rust 2018 edition and the following
[INFO] [stderr] files will be included as a binary target:
[INFO] [stderr] 
[INFO] [stderr] * /workspace/builds/worker-13/source/src/main.rs
[INFO] [stderr] 
[INFO] [stderr] This is likely to break cargo build or cargo test as these files may not be
[INFO] [stderr] ready to be compiled as a binary target today. You can future-proof yourself
[INFO] [stderr] and disable this warning by adding `autobins = false` to your [package]
[INFO] [stderr] section. You may also move the files to a location where Cargo would not
[INFO] [stderr] automatically infer them to be a target, such as in subfolders.
[INFO] [stderr] 
[INFO] [stderr] For more information on this warning you can consult
[INFO] [stderr] https://github.com/rust-lang/cargo/issues/5330
[INFO] [stderr] warning: path `/workspace/builds/worker-13/source/src/main.rs` was erroneously implicitly accepted for binary `rouge`,
[INFO] [stderr] please set bin.path in Cargo.toml
[INFO] [stderr] error: the lock file /workspace/builds/worker-13/source/Cargo.lock needs to be updated but --locked was passed to prevent this
[INFO] [stderr] If you want to try to generate the lock file without accessing the network, use the --offline flag.
[INFO] the lockfile is outdated, regenerating it
[INFO] running `Command { std: "/workspace/cargo-home/bin/cargo" "+af3c6e733a40e671550e0f0f5aeecaa13772ba56" "generate-lockfile" "--manifest-path" "Cargo.toml" "-Zno-index-update", kill_on_drop: false }`
[INFO] [stderr]     Updating git repository `https://github.com/jeaye/ncurses-rs.git`
[INFO] running `Command { std: "/workspace/cargo-home/bin/cargo" "+af3c6e733a40e671550e0f0f5aeecaa13772ba56" "fetch" "--locked" "--manifest-path" "Cargo.toml", kill_on_drop: false }`
[INFO] [stderr] warning: An explicit [[bin]] section is specified in Cargo.toml which currently
[INFO] [stderr] disables Cargo from automatically inferring other binary targets.
[INFO] [stderr] This inference behavior will change in the Rust 2018 edition and the following
[INFO] [stderr] files will be included as a binary target:
[INFO] [stderr] 
[INFO] [stderr] * /workspace/builds/worker-13/source/src/main.rs
[INFO] [stderr] 
[INFO] [stderr] This is likely to break cargo build or cargo test as these files may not be
[INFO] [stderr] ready to be compiled as a binary target today. You can future-proof yourself
[INFO] [stderr] and disable this warning by adding `autobins = false` to your [package]
[INFO] [stderr] section. You may also move the files to a location where Cargo would not
[INFO] [stderr] automatically infer them to be a target, such as in subfolders.
[INFO] [stderr] 
[INFO] [stderr] For more information on this warning you can consult
[INFO] [stderr] https://github.com/rust-lang/cargo/issues/5330
[INFO] [stderr] warning: path `/workspace/builds/worker-13/source/src/main.rs` was erroneously implicitly accepted for binary `rouge`,
[INFO] [stderr] please set bin.path in Cargo.toml
[INFO] running `Command { std: "docker" "create" "-v" "/var/lib/crater-agent-workspace/builds/worker-13/target:/opt/rustwide/target:rw,Z" "-v" "/var/lib/crater-agent-workspace/builds/worker-13/source:/opt/rustwide/workdir:ro,Z" "-v" "/var/lib/crater-agent-workspace/cargo-home:/opt/rustwide/cargo-home:ro,Z" "-v" "/var/lib/crater-agent-workspace/rustup-home:/opt/rustwide/rustup-home:ro,Z" "-e" "SOURCE_DIR=/opt/rustwide/workdir" "-e" "CARGO_TARGET_DIR=/opt/rustwide/target" "-e" "CARGO_HOME=/opt/rustwide/cargo-home" "-e" "RUSTUP_HOME=/opt/rustwide/rustup-home" "-w" "/opt/rustwide/workdir" "-m" "1610612736" "--user" "0:0" "--network" "none" "rustops/crates-build-env@sha256:d92eaeed33fa75130ca1ee6c8a01d1ffb62bac859dfdfb3450e3e5d1c0146529" "/opt/rustwide/cargo-home/bin/cargo" "+af3c6e733a40e671550e0f0f5aeecaa13772ba56" "metadata" "--no-deps" "--format-version=1", kill_on_drop: false }`
[INFO] [stdout] bfb1ceb668feed8db62d3178069405c7510a165d0340fbc6facf7f9b6192d9d5
[INFO] [stderr] WARNING: Your kernel does not support swap limit capabilities or the cgroup is not mounted. Memory limited without swap.
[INFO] running `Command { std: "docker" "start" "-a" "bfb1ceb668feed8db62d3178069405c7510a165d0340fbc6facf7f9b6192d9d5", kill_on_drop: false }`
[INFO] running `Command { std: "docker" "inspect" "bfb1ceb668feed8db62d3178069405c7510a165d0340fbc6facf7f9b6192d9d5", kill_on_drop: false }`
[INFO] running `Command { std: "docker" "rm" "-f" "bfb1ceb668feed8db62d3178069405c7510a165d0340fbc6facf7f9b6192d9d5", kill_on_drop: false }`
[INFO] [stdout] bfb1ceb668feed8db62d3178069405c7510a165d0340fbc6facf7f9b6192d9d5
[INFO] running `Command { std: "docker" "create" "-v" "/var/lib/crater-agent-workspace/builds/worker-13/target:/opt/rustwide/target:rw,Z" "-v" "/var/lib/crater-agent-workspace/builds/worker-13/source:/opt/rustwide/workdir:ro,Z" "-v" "/var/lib/crater-agent-workspace/cargo-home:/opt/rustwide/cargo-home:ro,Z" "-v" "/var/lib/crater-agent-workspace/rustup-home:/opt/rustwide/rustup-home:ro,Z" "-e" "SOURCE_DIR=/opt/rustwide/workdir" "-e" "CARGO_TARGET_DIR=/opt/rustwide/target" "-e" "CARGO_INCREMENTAL=0" "-e" "RUST_BACKTRACE=full" "-e" "RUSTFLAGS=--cap-lints=forbid" "-e" "CARGO_HOME=/opt/rustwide/cargo-home" "-e" "RUSTUP_HOME=/opt/rustwide/rustup-home" "-w" "/opt/rustwide/workdir" "-m" "1610612736" "--user" "0:0" "--network" "none" "rustops/crates-build-env@sha256:d92eaeed33fa75130ca1ee6c8a01d1ffb62bac859dfdfb3450e3e5d1c0146529" "/opt/rustwide/cargo-home/bin/cargo" "+af3c6e733a40e671550e0f0f5aeecaa13772ba56" "check" "--frozen" "--all" "--all-targets" "--message-format=json", kill_on_drop: false }`
[INFO] [stdout] 617b406c07c774fae7f7933c15176d4766fb7b47619598ca8c854abd53179662
[INFO] [stderr] WARNING: Your kernel does not support swap limit capabilities or the cgroup is not mounted. Memory limited without swap.
[INFO] running `Command { std: "docker" "start" "-a" "617b406c07c774fae7f7933c15176d4766fb7b47619598ca8c854abd53179662", kill_on_drop: false }`
[INFO] [stderr] warning: An explicit [[bin]] section is specified in Cargo.toml which currently
[INFO] [stderr] disables Cargo from automatically inferring other binary targets.
[INFO] [stderr] This inference behavior will change in the Rust 2018 edition and the following
[INFO] [stderr] files will be included as a binary target:
[INFO] [stderr] 
[INFO] [stderr] * /opt/rustwide/workdir/src/main.rs
[INFO] [stderr] 
[INFO] [stderr] This is likely to break cargo build or cargo test as these files may not be
[INFO] [stderr] ready to be compiled as a binary target today. You can future-proof yourself
[INFO] [stderr] and disable this warning by adding `autobins = false` to your [package]
[INFO] [stderr] section. You may also move the files to a location where Cargo would not
[INFO] [stderr] automatically infer them to be a target, such as in subfolders.
[INFO] [stderr] 
[INFO] [stderr] For more information on this warning you can consult
[INFO] [stderr] https://github.com/rust-lang/cargo/issues/5330
[INFO] [stderr] warning: path `/opt/rustwide/workdir/src/main.rs` was erroneously implicitly accepted for binary `rouge`,
[INFO] [stderr] please set bin.path in Cargo.toml
[INFO] [stderr]     Blocking waiting for file lock on package cache
[INFO] [stderr]    Compiling pkg-config v0.3.18
[INFO] [stderr]    Compiling ncurses v5.99.0 (https://github.com/jeaye/ncurses-rs.git#80894126)
[INFO] [stderr]     Checking rougelike v0.0.1 (/opt/rustwide/workdir)
[INFO] [stdout] warning: field is never read: `x`
[INFO] [stdout]  --> src/renderable/mod.rs:2:5
[INFO] [stdout]   |
[INFO] [stdout] 2 |     x: u32,
[INFO] [stdout]   |     ^^^^^^
[INFO] [stdout]   |
[INFO] [stdout]   = note: `#[warn(dead_code)]` on by default
[INFO] [stdout] 
[INFO] [stdout] 
[INFO] [stdout] warning: field is never read: `y`
[INFO] [stdout]  --> src/renderable/mod.rs:3:5
[INFO] [stdout]   |
[INFO] [stdout] 3 |     y: u32,
[INFO] [stdout]   |     ^^^^^^
[INFO] [stdout] 
[INFO] [stdout] 
[INFO] [stdout] warning: field is never read: `ch`
[INFO] [stdout]  --> src/renderable/mod.rs:4:5
[INFO] [stdout]   |
[INFO] [stdout] 4 |     ch: u32,
[INFO] [stdout]   |     ^^^^^^^
[INFO] [stdout] 
[INFO] [stdout] 
[INFO] [stdout] warning: struct is never constructed: `Actor`
[INFO] [stdout]  --> src/actors/mod.rs:3:8
[INFO] [stdout]   |
[INFO] [stdout] 3 | struct Actor{
[INFO] [stdout]   |        ^^^^^
[INFO] [stdout] 
[INFO] [stdout] 
[INFO] [stdout] warning: field is never read: `x`
[INFO] [stdout]  --> src/renderable/mod.rs:2:5
[INFO] [stdout]   |
[INFO] [stdout] 2 |     x: u32,
[INFO] [stdout]   |     ^^^^^^
[INFO] [stdout]   |
[INFO] [stdout]   = note: `#[warn(dead_code)]` on by default
[INFO] [stdout] 
[INFO] [stdout] 
[INFO] [stdout] warning: field is never read: `y`
[INFO] [stdout]  --> src/renderable/mod.rs:3:5
[INFO] [stdout]   |
[INFO] [stdout] 3 |     y: u32,
[INFO] [stdout]   |     ^^^^^^
[INFO] [stdout] 
[INFO] [stdout] 
[INFO] [stdout] warning: field is never read: `ch`
[INFO] [stdout]  --> src/renderable/mod.rs:4:5
[INFO] [stdout]   |
[INFO] [stdout] 4 |     ch: u32,
[INFO] [stdout]   |     ^^^^^^^
[INFO] [stdout] 
[INFO] [stdout] 
[INFO] [stdout] warning: struct is never constructed: `Actor`
[INFO] [stdout]  --> src/actors/mod.rs:3:8
[INFO] [stdout]   |
[INFO] [stdout] 3 | struct Actor{
[INFO] [stdout]   |        ^^^^^
[INFO] [stdout] 
[INFO] [stdout] 
[INFO] [stdout] warning: 4 warnings emitted
[INFO] [stdout] 
[INFO] [stdout] 
[INFO] [stdout] warning: 4 warnings emitted
[INFO] [stdout] 
[INFO] [stdout] 
[INFO] [stdout] error: expected one of `!`, `.`, `::`, `;`, `?`, `{`, `}`, or an operator, found `win`
[INFO] [stdout]   --> src/main.rs:13:25
[INFO] [stdout]    |
[INFO] [stdout] 13 |     ncurses::ll::WINDOW win = ncurses::newwin(20, 20, 20, 20);
[INFO] [stdout]    |                         ^^^ expected one of 8 possible tokens
[INFO] [stdout] 
[INFO] [stdout] 
[INFO] [stdout] error: expected one of `!`, `.`, `::`, `;`, `?`, `{`, `}`, or an operator, found `win`
[INFO] [stdout]   --> src/main.rs:13:25
[INFO] [stdout]    |
[INFO] [stdout] 13 |     ncurses::ll::WINDOW win = ncurses::newwin(20, 20, 20, 20);
[INFO] [stdout]    |                         ^^^ expected one of 8 possible tokens
[INFO] [stdout] 
[INFO] [stdout] 
[INFO] [stdout] error[E0425]: cannot find value `CURSOR_INVISIBLE` in crate `ncurses`
[INFO] [stdout]   --> src/main.rs:12:32
[INFO] [stdout]    |
[INFO] [stdout] 12 |     ncurses::curs_set(ncurses::CURSOR_INVISIBLE);
[INFO] [stdout]    |                                ^^^^^^^^^^^^^^^^ not found in `ncurses`
[INFO] [stdout]    |
[INFO] [stdout] help: consider importing this unit variant
[INFO] [stdout]    |
[INFO] [stdout] 3  | use ncurses::CURSOR_VISIBILITY::CURSOR_INVISIBLE;
[INFO] [stdout]    |
[INFO] [stdout] 
[INFO] [stdout] 
[INFO] [stdout] warning: use of deprecated function `ncurses::printw`: printw can segfault when printing string that contains % sign. Use addstr instead
[INFO] [stdout]   --> src/main.rs:43:9
[INFO] [stdout]    |
[INFO] [stdout] 43 |         ncurses::printw(ncurses::LINES.to_string().as_slice());
[INFO] [stdout]    |         ^^^^^^^^^^^^^^^
[INFO] [stdout]    |
[INFO] [stdout]    = note: `#[warn(deprecated)]` on by default
[INFO] [stdout] 
[INFO] [stdout] 
[INFO] [stdout] error[E0425]: cannot find value `CURSOR_INVISIBLE` in crate `ncurses`
[INFO] [stdout]   --> src/main.rs:12:32
[INFO] [stdout]    |
[INFO] [stdout] 12 |     ncurses::curs_set(ncurses::CURSOR_INVISIBLE);
[INFO] [stdout]    |                                ^^^^^^^^^^^^^^^^ not found in `ncurses`
[INFO] [stdout]    |
[INFO] [stdout] help: consider importing this unit variant
[INFO] [stdout]    |
[INFO] [stdout] 3  | use ncurses::CURSOR_VISIBILITY::CURSOR_INVISIBLE;
[INFO] [stdout]    |
[INFO] [stdout] 
[INFO] [stdout] 
[INFO] [stdout] warning: use of deprecated function `ncurses::printw`: printw can segfault when printing string that contains % sign. Use addstr instead
[INFO] [stdout]   --> src/main.rs:43:9
[INFO] [stdout]    |
[INFO] [stdout] 43 |         ncurses::printw(ncurses::LINES.to_string().as_slice());
[INFO] [stdout]    |         ^^^^^^^^^^^^^^^
[INFO] [stdout]    |
[INFO] [stdout]    = note: `#[warn(deprecated)]` on by default
[INFO] [stdout] 
[INFO] [stdout] 
[INFO] [stdout] error[E0308]: mismatched types
[INFO] [stdout]   --> src/main.rs:11:21
[INFO] [stdout]    |
[INFO] [stdout] 11 |     ncurses::keypad(ncurses::stdscr, true);
[INFO] [stdout]    |                     ^^^^^^^^^^^^^^^ expected *-ptr, found fn item
[INFO] [stdout]    |
[INFO] [stdout]    = note: expected raw pointer `*mut i8`
[INFO] [stdout]                   found fn item `fn() -> *mut i8 {stdscr}`
[INFO] [stdout] help: use parentheses to call this function
[INFO] [stdout]    |
[INFO] [stdout] 11 |     ncurses::keypad(ncurses::stdscr(), true);
[INFO] [stdout]    |                                    ^^
[INFO] [stdout] 
[INFO] [stdout] 
[INFO] [stdout] error[E0308]: mismatched types
[INFO] [stdout]   --> src/main.rs:11:21
[INFO] [stdout]    |
[INFO] [stdout] 11 |     ncurses::keypad(ncurses::stdscr, true);
[INFO] [stdout]    |                     ^^^^^^^^^^^^^^^ expected *-ptr, found fn item
[INFO] [stdout]    |
[INFO] [stdout]    = note: expected raw pointer `*mut i8`
[INFO] [stdout]                   found fn item `fn() -> *mut i8 {stdscr}`
[INFO] [stdout] help: use parentheses to call this function
[INFO] [stdout]    |
[INFO] [stdout] 11 |     ncurses::keypad(ncurses::stdscr(), true);
[INFO] [stdout]    |                                    ^^
[INFO] [stdout] 
[INFO] [stdout] 
[INFO] [stdout] error[E0599]: no method named `to_string` found for fn item `fn() -> i32 {LINES}` in the current scope
[INFO] [stdout]   --> src/main.rs:43:40
[INFO] [stdout]    |
[INFO] [stdout] 43 |         ncurses::printw(ncurses::LINES.to_string().as_slice());
[INFO] [stdout]    |                                        ^^^^^^^^^ method not found in `fn() -> i32 {LINES}`
[INFO] [stdout]    |
[INFO] [stdout]    = note: `ncurses::LINES` is a function, perhaps you wish to call it
[INFO] [stdout]    = note: the method `to_string` exists but the following trait bounds were not satisfied:
[INFO] [stdout]            `fn() -> i32 {LINES}: std::fmt::Display`
[INFO] [stdout]            which is required by `fn() -> i32 {LINES}: ToString`
[INFO] [stdout] 
[INFO] [stdout] 
[INFO] [stdout] error: aborting due to 4 previous errors; 1 warning emitted
[INFO] [stdout] 
[INFO] [stdout] 
[INFO] [stdout] Some errors have detailed explanations: E0308, E0425, E0599.
[INFO] [stdout] 
[INFO] [stdout] For more information about an error, try `rustc --explain E0308`.
[INFO] [stdout] 
[INFO] [stderr] error: could not compile `rougelike`.
[INFO] [stderr] 
[INFO] [stderr] To learn more, run the command again with --verbose.
[INFO] [stderr] warning: build failed, waiting for other jobs to finish...
[INFO] [stdout] error[E0599]: no method named `to_string` found for fn item `fn() -> i32 {LINES}` in the current scope
[INFO] [stdout]   --> src/main.rs:43:40
[INFO] [stdout]    |
[INFO] [stdout] 43 |         ncurses::printw(ncurses::LINES.to_string().as_slice());
[INFO] [stdout]    |                                        ^^^^^^^^^ method not found in `fn() -> i32 {LINES}`
[INFO] [stdout]    |
[INFO] [stdout]    = note: `ncurses::LINES` is a function, perhaps you wish to call it
[INFO] [stdout]    = note: the method `to_string` exists but the following trait bounds were not satisfied:
[INFO] [stdout]            `fn() -> i32 {LINES}: std::fmt::Display`
[INFO] [stdout]            which is required by `fn() -> i32 {LINES}: ToString`
[INFO] [stdout] 
[INFO] [stdout] 
[INFO] [stdout] error: aborting due to 4 previous errors; 1 warning emitted
[INFO] [stdout] 
[INFO] [stdout] 
[INFO] [stdout] Some errors have detailed explanations: E0308, E0425, E0599.
[INFO] [stdout] 
[INFO] [stdout] For more information about an error, try `rustc --explain E0308`.
[INFO] [stdout] 
[INFO] [stderr] error: build failed
[INFO] running `Command { std: "docker" "inspect" "617b406c07c774fae7f7933c15176d4766fb7b47619598ca8c854abd53179662", kill_on_drop: false }`
[INFO] running `Command { std: "docker" "rm" "-f" "617b406c07c774fae7f7933c15176d4766fb7b47619598ca8c854abd53179662", kill_on_drop: false }`
[INFO] [stdout] 617b406c07c774fae7f7933c15176d4766fb7b47619598ca8c854abd53179662
